 (0 + 79/z)*(-27 + 17)?
5, 79
Let v = 295 + -622. Let z = v - -997. List the prime factors of z.
2, 5, 67
Suppose -5*s = -3*x + 7618, -s = -0*s + 2. List the prime factors of x.
2, 317
What are the prime factors of 3 - -38734 - 16/208*65?
2, 23, 421
Let t(r) = 1667*r**2 - 196*r + 391. What are the prime factors of t(2)?
59, 113
Let h = -65 + 65. Suppose 0 = -3*g - h*g + 1917. Suppose -g = -7*w - 142. What are the prime factors of w?
71
Let m(b) = 7*b**2 - b - 3. Let f be m(-2). Suppose -7*u + 1 + f = 0. Suppose 4 = -k + 4*x, -5*x + 47 = -0*k + u*k. List the prime factors of k.
2
Let b(i) be the second derivative of i**6/360 + i**5/120 + i**4/12 + 5*i**3/6 + 4*i. Let n(m) be the second derivative of b(m). List the prime factors of n(4).
2, 11
Let m = -2087 - -3274. List the prime factors of m.
1187
Let z = 24557 - 11346. What are the prime factors of z?
11, 1201
What are the prime factors of 29077 - (16/(-4) - -5 - (-6)/(-6))?
29077
Let x = 50 - 46. Suppose x*u - 100 = 2*u. Let i = u - -37. What are the prime factors of i?
3, 29
Suppose 0*f - 2*f = 746. Let x(w) = 18*w + 244. Let i be x(-22). Let h = i - f. List the prime factors of h.
13, 17
Let y(v) be the second derivative of -v**4/12 + 17*v**3/6 - 9*v**2 + 43*v. Let k be y(17). Let s = 126 + k. What are the prime factors of s?
2, 3
Let h = -11051 + 20645. Suppose 0 = -10*o + o + h. List the prime factors of o.
2, 13, 41
Let m(v) = 4*v**3 - 25*v**2 + 52*v - 306. What are the prime factors of m(17)?
3, 5, 17
Suppose 5*r - 11 = 2*c, -10 = -c - 4*c. Suppose -2*x - r*z - 2*z = -32, -x + 16 = -5*z. Suppose 0 = 13*f - x*f + 264. What are the prime factors of f?
2, 11
Let y(g) be the third derivative of g**6/36 - 13*g**5/60 - 19*g**4/24 + 10*g**2. Let x(o) be the second derivative of y(o). List the prime factors of x(6).
2, 47
Let n(s) = s**3 + 5*s**2 + 2*s - 9. Let m be n(-4). What are the prime factors of 4 - (2*(-1174)/(-4))/m?
3, 197
Suppose -85*o + 15 = -82*o. Let t(i) = 21*i**2 - 7*i + 11. List the prime factors of t(o).
3, 167
Let m be (-3)/1*49325/(-75). Suppose -5*p + m = -0*p - 4*j, p - 403 = -2*j. What are the prime factors of p?
397
Suppose 96*d + 30*d - 575900 - 390394 = 0. What are the prime factors of d?
7669
Suppose 5*r + 260 = 30. Let o = -42 - r. What are the prime factors of o*(-1)/(-8)*112?
2, 7
Let f(p) = 12 - 18*p**2 + 7*p + 25*p**2 + p**3 - 8. Let a be f(-6). What are the prime factors of (-143)/a - (-1)/4*-2?
71
Let v(p) = p**2 - 759*p + 1523*p - 785*p - 29. List the prime factors of v(23).
17
Let l(t) be the first derivative of t**4/2 - t**3 + 5*t + 14. Let s be l(4). Suppose 0 = d - 3, 5*r + d - s = 203. List the prime factors of r.
3, 19
Suppose 518732 - 680858 - 887069 = -31*a. List the prime factors of a.
5, 7, 967
Let y(c) = c**2 + 773*c + 3851. Let f be y(-5). Let o = -2100 - -3200. Suppose f*i + o = 15*i. List the prime factors of i.
5, 11
Suppose -4*x = -10*x. Suppose x = 11*d - 13500 + 2357. What are the prime factors of d?
1013
Suppose -452 = 49*c - 45*c. Let g = c - -134. List the prime factors of g.
3, 7
Let d = -2900 + 6155. Suppose -5*p - 1305 = -d. List the prime factors of p.
2, 3, 5, 13
Suppose 3495 = c + 4*j, 5*j = -3*c + 5918 + 4560. List the prime factors of c.
3491
Let l be (73/(-1) - -2)/((-2)/4). Suppose 3*s + 23 = -l. Let o = s + 69. List the prime factors of o.
2, 7
Let t(h) be the second derivative of -h**4/12 + 2*h**3 - 7*h**2 + h. Let x be t(7). Let y = x + 38. List the prime factors of y.
59
Let f be (-156)/(-28) - (-12)/(-21). Let u = 40 + -77. Let d = f - u. What are the prime factors of d?
2, 3, 7
Suppose 3*p + d - 3*d + 379 = 0, -2*p + 5*d = 271. Let j = p + 841. List the prime factors of j.
2, 359
Let c = -133 - -133. Suppose c = -3*b, -b = t - 107 - 41. What are the prime factors of t?
2, 37
Let r(a) = -a**2 - 10*a - 9. Let s be r(-9). Suppose 5*k - 45 = -4*u, u + s = -k + 10. Suppose -u*i + 12 = v - 30, 4 = 2*i. What are the prime factors of v?
2
Let k = 36663 + -24312. List the prime factors of k.
3, 23, 179
What are the prime factors of ((-45)/(-4))/(-5)*(-15278 - -322)?
3, 3739
Let n be 10/(-12) - (4 + (-27148)/(-24)). Let v = n - -2298. List the prime factors of v.
2, 7, 83
Let i = 34 + -34. Let z be i + 0 + 2 + (-2 - -2). Suppose z*w - 165 = -25. List the prime factors of w.
2, 5, 7
What are the prime factors of (4/(-18) + 4344/108)*1238/8?
2, 5, 619
Let k = 51431 - 30505. What are the prime factors of k?
2, 10463
Let z(i) = -204*i + 20. Let x be z(-4). Suppose x + 2706 = 7*a. List the prime factors of a.
2, 11, 23
Let j be (3/(-6))/((-7)/4914). Suppose 9*y - 18*y + j = 0. List the prime factors of -32*y/(-6) - (-1 + -1).
2, 3, 5, 7
Let a(n) = 30*n + 13. Let m be (48/(-30))/((-2)/10). Let x be a(m). Let q = -145 + x. List the prime factors of q.
2, 3
Suppose 24*v + 171886 - 478126 = 0. List the prime factors of v.
2, 5, 11, 29
Let f(c) = 17*c + 10. Let u be f(-2). List the prime factors of u - -31 - (-1 - 731).
739
Let c = -215 - -229. What are the prime factors of 500/6 - c/42?
83
Let t = -82 - -95. Let p(r) = -r**2 + 15*r + 50. Let b be p(t). Let f = b - 30. What are the prime factors of f?
2, 23
Suppose -r + 32 = 2*t - 11, 0 = -2*t - 2*r + 42. Let j = t - -192. List the prime factors of j.
2, 107
Suppose 22*n = 4630 + 13498. What are the prime factors of n?
2, 103
Let f(o) = 10*o**3 + 4*o**2 - 7*o + 3. Let p be f(2). Suppose -p = -u + 122. What are the prime factors of u?
3, 23
Let r(b) = -b**3 + 60*b**2 + 342*b - 141. What are the prime factors of r(63)?
2, 3, 1583
Suppose -21*x = -8*x + 39. What are the prime factors of (-92)/(-2)*49/(-42)*x?
7, 23
Let v = 11128 - 7747. List the prime factors of v.
3, 7, 23
Let v(g) = -2*g**2 + 1 - 3 - g + 6 - g**3. Let z be v(-2). Suppose z*d - 208 = 32. What are the prime factors of d?
2, 5
Suppose 5*q + 5 = 0, -4*c - 13*q = -8*q - 7287. What are the prime factors of c?
1823
Suppose -5*v + 3*v - 4*w = -17636, 5*w = -v + 8803. Suppose -7300 = -32*g + v. List the prime factors of g.
2, 3, 7
Let w(g) = 413*g + 1811. List the prime factors of w(24).
19, 617
Suppose 296 = 3*r - 2*k, 21 = 4*k + 1. Suppose -4*q + r = -7*q. Let z = q - -157. List the prime factors of z.
3, 41
Let x be -6 - -3164*(5 - 3)/4. Suppose x = 2*q - 2*n - 36, 2*q - 1627 = -n. List the prime factors of q.
811
Let j = 9 + -6. Suppose -3*s + 9 = 0, -j*t - 2*s + 5*s + 18 = 0. List the prime factors of (36 + 1)/(3/t).
3, 37
Let j(r) = -r**3 - 9*r**2 + 4*r - 18. Let v be j(-12). Suppose -l - a = -0*a - v, -1095 = -3*l - 2*a. List the prime factors of l.
3, 11
Suppose -4*q = -218 + 1110. Let d = 433 + q. What are the prime factors of d?
2, 3, 5, 7
Let l be -5*6/(-16) - (-14)/112. Suppose -s - 2*p = -252, l*s + 2*p - 294 = 202. List the prime factors of s.
2, 61
Let n = -3047 - -8079. What are the prime factors of n?
2, 17, 37
Suppose 2*t = -3*c + 17939, 36*c + 5*t + 11934 = 38*c. What are the prime factors of c?
43, 139
Let c(x) = 4*x**3 + 34*x**2 - 48*x + 27. Let f(o) = -5*o**3 - 34*o**2 + 49*o - 28. Let w(r) = -6*c(r) - 5*f(r). What are the prime factors of w(33)?
2, 7, 11
Let s be 1 - 1/(-1) - 2. Suppose -2*w + 3*k + 10 = 3*w, -5*w + k + 20 = s. Suppose -2*p + 0*n + 115 = -w*n, -6 = 2*n. List the prime factors of p.
2, 5
Let r = -12071 - -59772. What are the prime factors of r?
47701
Let d = -52 + 51. List the prime factors of d + (-7198)/(-12) + 7/42.
599
Suppose -5*h = 303 - 18. Let j = h + 58. What are the prime factors of j + (-1774)/(-10) + 3/5?
179
Let y be ((-2 - 2) + 0)*-8. Let b = -472 + 633. Let d = b - y. What are the prime factors of d?
3, 43
Suppose 3*o - 2 = o. Let p be 22/18 - o - 12570/(-54). Suppose 2*d + p = 3*f + 7*d, 5*f - 3*d - 343 = 0. List the prime factors of f.
71
List the prime factors of (-12 + 6)*(-6)/(432/517524).
7, 61, 101
Let c be (1 - 3) + (-8)/(-2). Suppose -11*i = -7*i, -5*b = 5*i - 210. Suppose -5*m - c*n + b = 2*n, m - 8 = -n. List the prime factors of m.
2, 5
Suppose 3*x + 221 = 4*g, -x + 6*x = g - 68. Suppose 31*n - 28*n = 81. Suppose -50*y + g*y = n. What are the prime factors of y?
3
Suppose -b - 2*x - 4 = 0, 2*b + 8 = 5*b + x. Suppose 3*w = -b*r + 2002, 4*r - 2612 = w - 618. List the prime factors of r.
499
Let h = 27621 + -15435. List the prime factors of h.
2, 3, 677
Let k be (15/(-